2, 3, 5, 7, 1741
List the prime factors of 12037356.
2, 3, 227, 491
List the prime factors of 52630.
2, 5, 19, 277
What are the prime factors of 221215?
5, 151, 293
List the prime factors of 16430.
2, 5, 31, 53
What are the prime factors of 10839976?
2, 7, 27653
List the prime factors of 13369637.
953, 14029
List the prime factors of 13107.
3, 17, 257
List the prime factors of 325365.
3, 5, 109, 199
List the prime factors of 3029280.
2, 3, 5, 6311
What are the prime factors of 418676?
2, 17, 47, 131
What are the prime factors of 479501?
11, 43591
List the prime factors of 3792403.
167, 22709
What are the prime factors of 165504?
2, 3, 431
List the prime factors of 179012.
2, 44753
List the prime factors of 297291.
3, 41, 2417
List the prime factors of 6838937.
7, 976991
What are the prime factors of 81631?
11, 41, 181
What are the prime factors of 300434?
2, 150217
List the prime factors of 1049085.
3, 5, 19, 409
What are the prime factors of 1720113?
3, 573371
List the prime factors of 279962.
2, 139981
What are the prime factors of 1872307?
31, 60397
List the prime factors of 1762088.
2, 37, 5953
What are the prime factors of 5212688?
2, 13, 19, 1319
What are the prime factors of 178341?
3, 59447
What are the prime factors of 27223?
7, 3889
List the prime factors of 1282780.
2, 5, 31, 2069
List the prime factors of 1715114.
2, 113, 7589
What are the prime factors of 3252125?
5, 26017
What are the prime factors of 1392395?
5, 278479
List the prime factors of 19586264.
2, 19, 128857
What are the prime factors of 396344?
2, 13, 37, 103
What are the prime factors of 5595446?
2, 2797723
What are the prime factors of 126795?
3, 5, 79, 107
List the prime factors of 6826596.
2, 3, 7, 181, 449
List the prime factors of 18315538.
2, 9157769
List the prime factors of 148956.
2, 3, 12413
List the prime factors of 367638.
2, 3, 71, 863
List the prime factors of 252119.
7, 36017
What are the prime factors of 6947432?
2, 83, 10463
What are the prime factors of 270960?
2, 3, 5, 1129
What are the prime factors of 12684196?
2, 7, 613, 739
List the prime factors of 396527.
396527
List the prime factors of 204404.
2, 137, 373
List the prime factors of 206790.
2, 3, 5, 61, 113
What are the prime factors of 25766050?
2, 5, 17, 30313
List the prime factors of 333335.
5, 163, 409
What are the prime factors of 948594?
2, 3, 19, 53, 157
List the prime factors of 4097440.
2, 5, 25609
What are the prime factors of 10230628?
2, 1367, 1871
What are the prime factors of 9754138?
2, 4877069
What are the prime factors of 85732?
2, 21433
What are the prime factors of 297494?
2, 148747
What are the prime factors of 14307046?
2, 13, 43, 67, 191
List the prime factors of 5648930.
2, 5, 7, 17, 47, 101
What are the prime factors of 3189654?
2, 3, 13, 43, 317
What are the prime factors of 2926845?
3, 5, 193, 337
What are the prime factors of 34186?
2, 17093
What are the prime factors of 7510813?
7510813
List the prime factors of 404328.
2, 3, 17, 991
What are the prime factors of 10148430?
2, 3, 5, 43, 7867
What are the prime factors of 589205?
5, 117841
List the prime factors of 1523346.
2, 3, 11, 23081
List the prime factors of 851962.
2, 29, 37, 397
List the prime factors of 301213.
11, 139, 197
What are the prime factors of 2325087?
3, 19, 13597
List the prime factors of 832233.
3, 277411
What are the prime factors of 19070674?
2, 7, 61, 137, 163
What are the prime factors of 373590?
2, 3, 5, 7, 593
What are the prime factors of 1422973?
1422973
What are the prime factors of 18611054?
2, 7, 11, 120851
List the prime factors of 857499.
3, 193, 1481
What are the prime factors of 830855?
5, 107, 1553
What are the prime factors of 691084?
2, 17, 10163
What are the prime factors of 354070?
2, 5, 35407
What are the prime factors of 410169?
3, 47, 2909
List the prime factors of 385084.
2, 7, 17, 809
List the prime factors of 1263163.
11, 114833
List the prime factors of 16426870.
2, 5, 383, 4289
List the prime factors of 98306.
2, 13, 19, 199
List the prime factors of 2590145.
5, 23, 101, 223
What are the prime factors of 1123656?
2, 3, 46819
What are the prime factors of 348101?
13, 26777
What are the prime factors of 9640093?
29, 332417
What are the prime factors of 478146?
2, 3, 79691
What are the prime factors of 134568?
2, 3, 7, 89
List the prime factors of 2336287.
2336287
What are the prime factors of 24677970?
2, 3, 5, 822599
List the prime factors of 149690.
2, 5, 14969
List the prime factors of 2515237.
2515237
What are the prime factors of 141060?
2, 3, 5, 2351
List the prime factors of 1925493.
3, 661, 971
What are the prime factors of 1025906?
2, 7, 127, 577
List the prime factors of 320845.
5, 7, 89, 103
List the prime factors of 8214558.
2, 3, 11, 71, 1753
What are the prime factors of 12403530?
2, 3, 5, 15313
List the prime factors of 6030039.
3, 677, 2969
List the prime factors of 5879922.
2, 3, 979987
What are the prime factors of 74808?
2, 3, 1039
List the prime factors of 73330.
2, 5, 7333
List the prime factors of 3964104.
2, 3, 55057
List the prime factors of 19481.
7, 11, 23
What are the prime factors of 1733247?
3, 192583
What are the prime factors of 1885385?
5, 17, 41, 541
List the prime factors of 54477.
3, 6053
List the prime factors of 873609.
3, 11, 23, 1151
List the prime factors of 590760.
2, 3, 5, 547
List the prime factors of 14780491.
11, 1343681
What are the prime factors of 2100186?
2, 3, 11, 10607
List the prime factors of 157192.
2, 7, 401
List the prime factors of 5766389.
29, 198841
List the prime factors of 403037.
403037
What are the prime factors of 820426?
2, 97, 4229
List the prime factors of 104607.
3, 59, 197
List the prime factors of 2006289.
3, 17, 31, 47
What are the prime factors of 18866164?
2, 19, 23, 43, 251
List the prime factors of 444522.
2, 3, 13, 41, 139
List the prime factors of 3186504.
2, 3, 44257
List the prime factors of 14003.
11, 19, 67
What are the prime factors of 619294?
2, 13, 23819
What are the prime factors of 778264?
2, 97283
What are the prime factors of 1008970?
2, 5, 163, 619
What are the prime factors of 1351902?
2, 3, 293, 769
List the prime factors of 6121947.
3, 13, 79, 1987
List the prime factors of 166666.
2, 167, 499
What are the prime factors of 185858?
2, 19, 67, 73
List the prime factors of 9872433.
3, 223, 4919
List the prime factors of 18651763.
13, 197, 7283
List the prime factors of 373526.
2, 186763
List the prime factors of 142580.
2, 5, 7129
List the prime factors of 15801934.
2, 7900967
List the prime factors of 332191.
332191
List the prime factors of 633747.
3, 151, 1399
What are the prime factors of 3139014?
2, 3, 523169
List the prime factors of 2909887.
197, 14771
What are the prime factors of 1239497?
7, 113, 1567
List the prime factors of 4319480.
2, 5, 11, 9817
What are the prime factors of 1321066?
2, 29, 22777
What are the prime factors of 459859?
79, 5821
What are the prime factors of 1764112?
2, 7, 19, 829
List the prime factors of 67448.
2, 8431
List the prime factors of 12215842.
2, 67, 91163
List the prime factors of 1482556.
2, 281, 1319
What are the prime factors of 8526734?
2, 89, 47903
What are the prime factors of 151553?
151553
What are the prime factors of 11303911?
11303911
What are the prime factors of 1116502?
2, 558251
What are the prime factors of 4467907?
19, 113, 2081
List the prime factors of 5605079.
31, 47, 3847
What are the prime factors of 995640?
2, 3, 5, 8297
What are the prime factors of 20174535?
3, 5, 149441
List the prime factors of 1084600.
2, 5, 11, 17, 29
What are the prime factors of 12965904?
2, 3, 7, 19, 677
What are the prime factors of 72937?
72937
List the prime factors of 4134640.
2, 5, 51683
List the prime factors of 2186679.
3, 11, 23, 43, 67
List the prime factors of 4644281.
17, 273193
List the prime factors of 404717.
47, 79, 109
List the prime factors of 2074114.
2, 7, 148151
List the prime factors of 2654864.
2, 73, 2273
What are the prime factors of 294185?
5, 17, 3461
What are the prime factors of 5338593?
3, 13, 103, 443
What are the prime factors of 629633?
509, 1237
What are the prime factors of 2194375?
5, 3511
List the prime factors of 1601910.
2, 3, 5, 17, 349
What are the prime factors of 1086848?
2, 7, 1213
What are the